0*o. Let s be l(r). Calculate the greatest common factor of s and i.
8
Let b(l) = -2*l + 13. Let n be b(0). Suppose 65 + n = 6*y. What is the highest common divisor of 65 and y?
13
Suppose -3*h - 3 - 6 = 0, 2*h = 4*z - 186. What is the greatest common factor of 63 and z?
9
Suppose -5*a + 31 = -3*z, 5*a - 25 = -0*a. Let p = z + 22. Calculate the highest common factor of 80 and p.
20
Let t be (-6)/(-10) - 64/(-10). Suppose -t*a + 447 - 2827 = 0. Let z = -109 - a. What is the highest common factor of z and 21?
21
Let r(p) = -2*p**3 - 10*p**2 + 15*p + 5. Let v be r(-7). What is the greatest common factor of 1248 and v?
96
Suppose -3*q + 189 = -0*q. Suppose -4*p - 4*c - 64 = 0, -p - 18 - 4 = -5*c. Let m = -10 - p. What is the highest common divisor of m and q?
7
Let a = 19 + -13. Suppose -48*v + 43 = -533. What is the greatest common factor of a and v?
6
Let v(l) = -435*l - 195. Let x be v(-5). Calculate the highest common divisor of x and 20.
20
Let b = 22 + -24. Let s be (0 - b)*((-735)/(-2))/7. Calculate the greatest common factor of 42 and s.
21
Suppose -17*p = -p - 384. What is the greatest common divisor of 60 and p?
12
Let o be (-68)/(-5) - (-10)/25. Suppose -5*a = 0, -2*g + 3*a + 36 = -104. What is the highest common factor of o and g?
14
Suppose -5 = 29*r - 30*r. Suppose 48 = 5*z + k, 2*z = -3*k + 19 - r. Suppose 2*x + 16 = 6*x. Calculate the greatest common factor of x and z.
2
Let i(u) = -u**2 + 63*u + 7. Let x be i(5). Suppose 2*j + 108 = 4*d, -3*d + 0*j + 2*j = -81. What is the greatest common divisor of d and x?
27
Suppose 0 = 4*l - 2*v - 198, 4*v = -24 + 20. What is the greatest common factor of l and 784?
49
Let u = -10 + 14. Let k be 1294/(-10) + u/10. Let f = k - -210. Calculate the highest common factor of 9 and f.
9
Suppose -4 = -r - 1. Let u be r/4 - (-1998)/24. Suppose -2*k - 5*g + 132 = 0, 2*k - 100 = 4*g - 4. Calculate the highest common divisor of k and u.
28
Let f = -129 - -201. What is the greatest common divisor of 18 and f?
18
Let b = 20 - -60. Let f = 61 - 29. What is the greatest common divisor of b and f?
16
Let m(l) = -28*l + 8. Let c be m(-1). Calculate the highest common divisor of c and 8.
4
Suppose 0 = -4*p - 12, 67 = 4*v - 4*p - p. Calculate the greatest common divisor of 1859 and v.
13
Let s(a) = -2*a**2 + 24*a - 38. Let f be s(13). Suppose q + 10 = 2. Let w = q - f. What is the greatest common divisor of w and 8?
8
Suppose 0 = -p + 3*b - 0 - 8, -2*b + 32 = -4*p. Let r be 42 - (2 - (-2 - 0)). Let f be r/(-5)*20/p. What is the highest common divisor of 19 and f?
19
Suppose 4*c + 600 = 29*c. Calculate the highest common divisor of 128 and c.
8
Suppose 0 = -q + 5*k + 18, 0 = 4*q + 3*k - 7*k - 56. Suppose -r + c + 10 = -20, 5*r - c - 134 = 0. What is the highest common divisor of q and r?
13
Let g(a) = -38*a + 479. Let d be g(4). What is the greatest common factor of 6 and d?
3
Let s = 279 + -119. What is the greatest common factor of 48 and s?
16
Suppose 5*m - 10*z + 6*z = 222, 0 = -5*z - 15. Calculate the highest common factor of 14 and m.
14
Let o = -211 - -242. What is the greatest common factor of o and 93?
31
Suppose 13*f - d = 5*f + 3434, -3*f + 1293 = -3*d. Suppose 4*w = o - 27, -2*o = -0*w - w - 75. What is the greatest common divisor of f and o?
39
Let q = -326 - -338. Calculate the highest common factor of q and 204.
12
Let o = 900 + -758. What is the greatest common divisor of o and 71?
71
Suppose -2*w = -3*w + 2*x - 2, 5*x - 23 = -2*w. Suppose 4*o = 4*d - 36, o - 37 = -w*d + 4. Calculate the greatest common factor of 35 and d.
5
Let l = 120 - 95. Calculate the highest common divisor of l and 325.
25
Let g = -77 + -35. Let p be 5*(-12)/(-15) - g. What is the highest common factor of 29 and p?
29
Let d be (0 + -3)/(4/(-212)). Suppose -3*f = -8*f + 3*a + d, -a = 3. What is the greatest common factor of 20 and f?
10
Let o = 259 - 231. What is the highest common divisor of o and 98?
14
Suppose -t = t - 104. What is the greatest common factor of 13 and t?
13
Let h be (4 - -1)/((-14)/(-294)). Let a = -60 + h. Calculate the highest common factor of 5 and a.
5
Let r(v) = 16*v. Let c be r(2). What is the greatest common factor of c and 48?
16
Let s = 125 - 74. Suppose -2 = -i + 5. Let f be (-1)/7 + 120/i. Calculate the highest common factor of f and s.
17
Suppose -3*g - d = -28, 2*d + 12 + 13 = 3*g. Suppose -3*t = -t + 3*b - 3, 3*t - 2*b - 11 = 0. Calculate the greatest common divisor of g and t.
3
Suppose -4*a - 27 = -475. Let y be 9/((-180)/a)*-5. Let f(l) = -l**3 + 4*l**2 - 2*l + 1. Let i be f(3). What is the highest common factor of y and i?
4
Let b(o) = 1 + 6*o - 2*o + 4*o + 0*o. Let n be b(1). Calculate the greatest common factor of 90 and n.
9
Suppose 4*w - 1 = 7. Let c be 2/w - 24/8. Let z(j) = 19*j**2 + 2*j. Let k be z(c). Calculate the greatest common divisor of k and 8.
8
Let u(g) = 16*g + 8. Let j be u(-4). Let x = j - -84. Suppose p - 36 = x. What is the highest common factor of p and 8?
8
Let r(j) = j**3 - j**2 + j + 2. Let u be r(0). Suppose -u*p + 9 = -p. Calculate the greatest common divisor of p and 117.
9
Suppose -6*x + x = -20. Suppose 2*g + 10 = 4*g, 4*g = x*p - 60. Let l = 204 + p. Calculate the highest common divisor of 28 and l.
28
Suppose 3*c = -5*i - 2*c + 40, 0 = -2*i - 5*c + 7. Suppose -800 = -13*a + i*a. Suppose 0 = -3*s + 194 + a. Calculate the highest common factor of s and 18.
18
Let x(c) = c**3 + 4*c**2 - 5*c + 4. Let l be x(-5). Let v be ((-36)/(-63))/(l/154). Calculate the highest common divisor of v and 55.
11
Let c be 87/21 + (-4)/28. What is the greatest common factor of c and 108?
4
Let y = 37 - 29. Suppose -3*p = 90 - 273. Suppose p = 2*o - 83. What is the greatest common divisor of o and y?
8
Let i(r) = 54*r + 12. Let t be i(3). Suppose 2*h + 5*x - 357 = 0, x + x = h - t. Calculate the greatest common divisor of h and 16.
16
Let p be (-1)/(-4) - (-206)/8. Let g be ((-321)/214)/((-6)/8). Calculate the greatest common factor of g and p.
2
Let s = 95 - 86. What is the highest common divisor of 117 and s?
9
Suppose 35*d = -3*h + 33*d + 350, 6*h + 3*d = 696. Calculate the highest common factor of 12 and h.
6
Let y(x) = -19*x**2 + 99*x + 2. Let q be y(5). Calculate the greatest common divisor of q and 198.
22
Suppose 4*t - 3*c = 111, 77 = 2*t + t - c. Let w be (t/(-5))/(6/(-15)). What is the greatest common divisor of 15 and w?
3
Let k = 1 - -7. Let j be (2 - 0) + (-75)/(-5). Let o = j + -9. What is the highest common factor of k and o?
8
Let o(d) = 169*d - 294. Let i be o(6). Calculate the highest common factor of 12 and i.
12
Let n be 132/2442 - 25300/(-148). Suppose 0 = 2*r - 22 - 16. Calculate the highest common factor of r and n.
19
Let l be (-9)/18*(-1 + -1). Suppose 34 = 4*v - 6. What is the greatest common factor of v and l?
1
Let t(i) = -i**3 - 11*i**2 + 6. Let y be t(-11). What is the greatest common factor of y and 6?
6
Let n be (-2)/(-8) + 140/16. Let r be -6*(-2 + 15/n). Suppose r*c - 5*y = 110, 7*y - 215 = -3*c + 2*y. Calculate the greatest common factor of 26 and c.
13
Suppose 0 = -44*a + 46*a - 10. Let u = 23 - a. What is the greatest common divisor of 24 and u?
6
Let f = 17 + -12. Let c be 2/(-7)*-1 - (-2716)/98. Let i = -8 + c. What is the highest common divisor of i and f?
5
Let b = -61 + 107. Let k = -28 + b. Let q be 16/6 + 3 - (-24)/72. Calculate the highest common divisor of q and k.
6
Suppose 4*r + 4*p - 452 = 3*p, -p = 2*r - 228. Let y = 2 + 12. Calculate the greatest common divisor of r and y.
14
Suppose 4*c = -4*k - c + 453, -3*c - 221 = -2*k. Suppose -k = -2*f - 2*f. Calculate the highest common factor of f and 21.
7
Suppose -170 + 10 = -5*x. Let p = -394 + 410. Calculate the highest common factor of p and x.
16
Let q = -18 - -22. Suppose -2*m + 5*m = -4*b + 116, 0 = q*m + b - 159. What is the highest common factor of 8 and m?
8
Let t(k) = -2*k**2 - 3*k + 5. Let y be t(5). Let u(c) = 6*c - 57. Let v be u(10). Let i be 8/y*v*-220. What is the highest common divisor of 22 and i?
22
Suppose -22*w = 14*w - 1188. Calculate the highest common factor of w and 825.
33
Suppose 2*q - 3*x - 15 = q, 5*q = 5*x + 85. Let s = 23 - q. Suppose 5*u - 20 = 0, 4*u = -2*o + s + 45. What is the greatest common factor of 187 and o?
17
Let s = 12 - 7. Suppose 4*d - 14